 is 293c6 + -1?
293c5
In base 14, what is -2 - -3399?
3397
In base 13, what is 4 - 235c3?
-235bc
In base 2, what is 1100010110 + -1000?
1100001110
In base 2, what is 1000111 - 11101111?
-10101000
In base 2, what is -1110010111 - 100001?
-1110111000
In base 9, what is -112145 + 23?
-112122
In base 13, what is 5c + -3c1c2?
-3c163
In base 9, what is 334605 + -13?
334582
In base 3, what is 1000000 - -22?
1000022
In base 13, what is -18 + -402?
-41a
In base 12, what is 2712a06 - -3?
2712a09
In base 2, what is -11011100011 + -11110100111?
-111010001010
In base 7, what is 11000 - 41?
10626
In base 9, what is 2070384 - 3?
2070381
In base 10, what is -1343 - -134?
-1209
In base 9, what is -1128 - -27?
-1101
In base 6, what is -102 + 2125?
2023
In base 7, what is -4 + 2310221?
2310214
In base 14, what is -132d0 + 8?
-132c6
In base 12, what is -16374 + 4?
-16370
In base 9, what is 2813 - -34?
2847
In base 15, what is 32c2 + 1?
32c3
In base 2, what is 110100000000 + -1111110?
110010000010
In base 15, what is 90 + -d6?
-46
In base 14, what is -9a55a9 + 4?
-9a55a5
In base 6, what is 11 + -32450554?
-32450543
In base 6, what is 5 - 240340?
-240331
In base 16, what is 4c0f1 + -2?
4c0ef
In base 3, what is -110002001111 - 22?
-110002001210
In base 11, what is -117236 - a?
-117245
In base 12, what is 83 - -1a258?
1a31b
In base 16, what is 89b46 + 1?
89b47
In base 16, what is -fc - -3b?
-c1
In base 15, what is -6e3b + 5?
-6e36
In base 12, what is -4 - 19621?
-19625
In base 5, what is -331142 - 1310?
-333002
In base 7, what is 16 + -231220?
-231201
In base 10, what is -23 + 14378?
14355
In base 4, what is -201 - 12320?
-13121
In base 16, what is 86 + 1f16?
1f9c
In base 6, what is -15 - 24550?
-25005
In base 14, what is 3491 + d?
34a0
In base 12, what is -1 + 25682?
25681
In base 13, what is 4 + 16c40?
16c44
In base 6, what is -3151 - -552?
-2155
In base 12, what is -1 - 4b4578?
-4b4579
In base 9, what is 68411 + 1?
68412
In base 11, what is 7092a2 - 3?
70929a
In base 16, what is c - 3284b?
-3283f
In base 7, what is 3650421 + -1?
3650420
In base 9, what is -20 + -5102?
-5122
In base 10, what is 1218798 + 2?
1218800
In base 12, what is -3 - 9186?
-9189
In base 13, what is c - -a90?
a9c
In base 13, what is 1153123 + 2?
1153125
In base 16, what is -2 - -17d?
17b
In base 9, what is 6503 - 133?
6360
In base 14, what is -1 + 1d10?
1d0d
In base 8, what is -445 - -461?
14
In base 15, what is -785e2 + 0?
-785e2
In base 6, what is 12 + 30340?
30352
In base 10, what is -64137 - 33?
-64170
In base 3, what is -211111100212 + 0?
-211111100212
In base 5, what is 10103240 + -3?
10103232
In base 10, what is 30461 - -2?
30463
In base 8, what is -43 + 1175?
1132
In base 11, what is 12887 + 2?
12889
In base 10, what is -9902 + 18?
-9884
In base 7, what is -1306634 - -3?
-1306631
In base 11, what is 298 - 56?
242
In base 5, what is -10314 + 2120?
-3144
In base 15, what is b3 - 941?
-87d
In base 13, what is -5 - -222534?
22252c
In base 16, what is -178120 + -1?
-178121
In base 10, what is 2 + -1428550?
-1428548
In base 16, what is 5 - 29fc?
-29f7
In base 7, what is -13 + -211023?
-211036
In base 15, what is -5 + 2cd0?
2cca
In base 15, what is -b + -b5c4?
-b5d0
In base 16, what is -4 - -474?
470
In base 4, what is 2 - -22333331?
22333333
In base 5, what is -1101134301 - 4?
-1101134310
In base 10, what is 4 + -451689?
-451685
In base 4, what is 32311 - -1230?
100201
In base 12, what is 7b71 - -115?
8086
In base 13, what is 192979 - -3?
19297c
In base 16, what is 3 + 23b6?
23b9
In base 9, what is -3 - 6325?
-6328
In base 10, what is 1144 + 20?
1164
In base 11, what is 59a77 + -2?
59a75
In base 14, what is -7754 - b?
-7761
In base 10, what is 139778 - -1?
139779
In base 3, what is 1110022 - -211?
1111010
In base 7, what is 1616 - 42?
1544
In base 8, what is -426 - -657?
231
In base 15, what is 14 - -5884?
5898
In base 12, what is -14 + 186a?
1856
In base 16, what is 0 - 23f1?
-23f1
In base 3, what is 2000012 - 1122?
1221120
In base 14, what is 1 - 362c?
-362b
In base 8, what is 6055 - -20?
6075
In base 13, what is -322c2 - -2b?
-32294
In base 3, what is -10210212121 - 0?
-10210212121
In base 2, what is 1000111000101011 - -101?
1000111000110000
In base 15, what is -22 + 83e3?
83c1
In base 10, what is -393 + -123?
-516
In base 3, what is 1020 + -202201020?
-202200000
In base 6, what is 2400 + 3035?
5435
In base 15, what is -32a10 - 0?
-32a10
In base 13, what is -23 + b639?
b616
In base 4, what is -1102 - -11210?
10102
In base 6, what is -40414 + 313?
-40101
In base 12, what is 0 + 34743?
34743
In base 12, what is -3 - -4547?
4544
In base 14, what is -4b7 - -92?
-425
In base 10, what is 5300 - -32?
5332
In base 14, what is 1 + -29126?
-29125
In base 10, what is 6 - -1096683?
1096689
In base 10, what is 0 + -2566?
-2566
In base 3, what is -11 + 11202202121?
11202202110
In base 14, what is 108d44 + 7?
108d4b
In base 11, what is -4300 + 397?
-3a14
In base 4, what is -112022021 - 3?
-112022030
In base 10, what is -213 - -13677?
13464
In base 11, what is -2 - 9979?
-9980
In base 12, what is -32124 - 1?
-32125
In base 13, what is -3b + 17510?
174a2
In base 7, what is 32 - -40046?
40111
In base 16, what is 29069 - -3?
2906c
In base 13, what is 0 + 2885?
2885
In base 5, what is 1433 + 1322?
3310
In base 8, what is -426 - -334?
-72
In base 8, what is -60365 + 70?
-60275
In base 9, what is -14540 + -2?
-14542
In base 6, what is 533 + -35?
454
In base 15, what is -140 - -b?
-134
In base 11, what is -1 - -171?
170
In base 4, what is 113323100200 - -3?
113323100203
In base 2, what is 111 + -1000?
-1
In base 15, what is 9 + -38989?
-38980
In base 15, what is 4097 - -20?
40b7
In base 13, what is b9a + -125?
a75
In base 13, what is -227 + 31a?
c3
In base 16, what is 320e8 + 5?
320ed
In base 13, what is -a38 - 18?
-a53
In base 16, what is 6036 + 3?
6039
In base 16, what is -31 + 1d7a?
1d49
In base 8, what is -5 + 107525?
107520
In base 4, what is 10 + -2032103?
-2032033
In base 16, what is -51 - -1?
-50
In base 16, what is -13 + -16ccf?
-16ce2
In base 2, what is 111100100001100 + 10?
111100100001110
In base 15, what is 275d1 - 11?
275c0
In base 4, what is -333 - -2123?
1130
In base 6, what is -20 + 14332?
14312
In base 15, what is 12779a - 3?
127797
In base 15, what is -61b - 9?
-625
In base 15, what is 2e + 2130?
215e
In base 14, what is -71 - -1177?
1106
In base 16, what is 95 - -4a?
df
In base 4, what is 11 - 131200?
-131123
In base 6, what is 1045050 + -11?
1045035
In base 6, what is -1 + -200322?
-200323
In base 5, what is 2014210420 - -2?
2014210422
In base 10, what is 5 - -4851?
4856
In base 2, what is -1000 + 1010101010100?
1010101001100
In base 10, what is 313 + -198?
115
In base 11, what is 3 - -1a255?
1a258
In base 4, what is 10002220 - -21?
10002301
In base 5, what is -200 - -100?
-100
In base 5, what is 1 + 322344?
322400
In base 8, what is 35 - 34743?
-34706
In base 10, what is 4 - 93279?
-93275
In base 3, what is -101122 + -1011?
-102210
In base 16, what is -2 - 5910?
-5912
In base 13, what is -29a - -39b?
101
In base 10, what is 841 + 47?
888
In base 14, what is 1bd2 - -14?
1c06
In base 3, what is 122211 + 12000?
211211
In base 11, what is -265 - a6?
-360
In base 5, what is 4014 + -33333?
-24314
In base 16, what is -6f5f + -19?
-6f78
In base 15, what is -149 - -a89?
940
In base 2, what is 1100 + -110001100011111?
-110001100010011
In base 5, what is 2 - 10133110?
-10133103
In base 5, what is -43 - -1234440?
1234342
In base 11, what is 7 + -7103?
-70a7
In base 8, what is 1 + -12554?
-12553
In base 3, what is 100111021 - 122?
100110122
In base 12, what is -106 - 27b42?
-28048
In base 15, what is c3a + -19e?
a8b
In base 12, what is -175 - -614?
45b
In base 11, what is -45 - -4307a?
43035
In base 8, what is -4634 - 3?
-4637
In base 10, what is 241923 + 4?
241927
In base 13, what is -14002 + -3c?
-14041
In base 14, what is 2458 - 7?
2451
In base 6, what is -113432051 + 0?
-113432051
In base 2, what is 101011110100 - -100111?
101100011011
In base 12, what is 2 + -7343?
-7341
In base 6, what is 252051 - 0?
252051
In base 11, what is 0 - -95105?
95105
In base 13, what is 3 - -20c327?
20c32a
In base 9, what is -28 - 846?
-875
In base 9, what is -1031 - -11?
-1020
In base 14, what is 0 - -c791?
c791
